00010111000
-20924 (base 16) to base 15
-297e2
What is 16280 (base 12) in base 3?
1121012020
What is -750052 (base 10) in base 2?
-10110111000111100100
What is -113310323 (base 4) in base 13?
-35564
What is -100100010011100100011001 (base 2) in base 8?
-44234431
What is -15cb7b (base 13) in base 5?
-114324143
Convert 2e4ec (base 16) to base 6.
4022044
Convert -2300332113 (base 4) to base 8.
-2607627
What is -34467075 (base 8) in base 2?
-11100100110111000111101
Convert 345a67 (base 11) to base 9.
1026877
Convert -1014426 (base 8) to base 2.
-1000001100100010110
-300210100120 (base 4) to base 15
-11b7411
Convert 9885 (base 11) to base 5.
404130
What is 11231012232 (base 4) in base 10?
1495470
69403 (base 10) to base 12
341b7
4454145 (base 6) to base 9
372742
Convert 2120200011000 (base 3) to base 5.
322340412
What is 3436542 (base 7) in base 5?
102222321
What is -122030330021 (base 4) in base 9?
-13828128
10242371 (base 9) to base 5
2230212301
What is -79935 (base 15) in base 7?
-3200525
Convert -118759 (base 13) to base 6.
-12550211
What is -3d2090 (base 16) in base 2?
-1111010010000010010000
What is -30100021022 (base 4) in base 5?
-1310234400
Convert 651265 (base 7) to base 12.
55707
What is 320322134 (base 5) in base 3?
2112000211020
What is 100100110011100110 (base 2) in base 7?
1165346
What is -5277350 (base 9) in base 7?
-33011610
What is -2c80b (base 14) in base 2?
-11011001011101011
3109 (base 13) to base 2
1101001110001
3110033031 (base 4) to base 14
188b49
9ac28 (base 13) to base 15
5843b
1000020102011 (base 3) to base 7
4362010
What is -130703 (base 14) in base 5?
-131420242
Convert 401620 (base 8) to base 13.
480c8
Convert -174b26 (base 13) to base 3.
-1002120012211
What is 3466645 (base 8) in base 16?
e6da5
What is -23022535 (base 6) in base 7?
-5655521
What is 2ab1018 (base 12) in base 7?
133602443
2360124 (base 7) to base 5
34101232
Convert 133222213 (base 5) to base 9.
1245313
What is 21112223221 (base 4) in base 6?
124320441
-781457 (base 15) to base 14
-a90514
43341220 (base 7) to base 12
12a9727
What is 105145341 (base 6) in base 5?
443131234
What is -de4634 (base 15) in base 7?
-156026512
-970597 (base 11) to base 8
-5730421
What is 3dbee (base 15) in base 3?
101002012222
What is -8fbb10 (base 16) in base 5?
-4402411121
Convert 110105304 (base 6) to base 16.
1e0988
24410042 (base 5) to base 8
704731
What is 1370976 (base 11) in base 10?
2358373
What is -25caa9 (base 13) in base 10?
-913584
90965d (base 16) to base 8
44113135
Convert -4423155 (base 8) to base 2.
-100100010011001101101
Convert 12110221 (base 4) to base 15.
7a17
Convert -122112322 (base 5) to base 13.
-175007
What is -4558104 (base 11) in base 14?
-10b872d
What is 139915 (base 11) in base 2?
110101001111001010
35659 (base 12) to base 8
214145
What is 84029 (base 10) in base 4?
110200331
Convert -113410011 (base 5) to base 2.
-10000001000101110100
-101011001011011000001 (base 2) to base 10
-1414849
-245556 (base 8) to base 13
-2c808
-440243 (base 6) to base 3
-1211220200
1902310 (base 11) to base 3
20001210120111
Convert 63a6d (base 14) to base 16.
3ac91
-688d66 (base 14) to base 16
-364dce
What is 1555632 (base 7) in base 5?
23400341
Convert 1000400431 (base 5) to base 16.
1dfead
-33c46 (base 13) to base 5
-11004420
39d40 (base 15) to base 7
1401021
Convert 53442341 (base 7) to base 9.
8502148
Convert -7264154 (base 9) to base 2.
-1110110011011010010101
What is -15152875 (base 9) in base 5?
-3412043302
-33130331231 (base 4) to base 15
-550382
What is -7262 (base 10) in base 3?
-100221222
-3112130001 (base 5) to base 8
-30216330
-58dba (base 15) to base 4
-1011021121
-3222051 (base 6) to base 11
-a915a
Convert -160153 (base 8) to base 2.
-1110000001101011
Convert -21245b (base 15) to base 16.
-181097
What is 133924 (base 10) in base 12?
65604
Convert -1b1e3 (base 15) to base 5.
-10310223
What is -111041 (base 5) in base 16?
-f38
-112310331033 (base 4) to base 7
-101602203
What is -1010110011101110010010 (base 2) in base 5?
-1211131143
5601454 (base 7) to base 14
13d49b
Convert 5009c (base 13) to base 4.
202321112
What is 50d782 (base 14) in base 12?
ab585a
What is -10011100100111100001111 (base 2) in base 4?
-103210330033
Convert 308de0 (base 15) to base 10.
2308260
Convert 165b71 (base 15) to base 14.
202753
What is -2097a8 (base 12) in base 8?
-1754460
What is -25050465 (base 7) in base 9?
-4205080
-31b7b1 (base 12) to base 14
-166d37
110000011011000110110 (base 2) to base 7
16326033
Convert -1012230022 (base 4) to base 13.
-a1a3a
Convert 51f63 (base 16) to base 2.
1010001111101100011
What is 8298b4 (base 13) in base 14?
5950b0
Convert -d43 (base 16) to base 5.
-102040
What is 102002110120110 (base 3) in base 14?
ad6154
-564394 (base 11) to base 4
-3123131023
What is 21221121122 (base 3) in base 12?
7665b
Convert -23674 (base 11) to base 15.
-a172
What is 130c0b (base 16) in base 6?
42431003
1853661 (base 10) to base 14
363765
-11201100022222 (base 3) to base 5
-1120202134
Convert 12083702 (base 10) to base 16.
b861f6
Convert 10111002011212 (base 3) to base 8.
7040617
-101441 (base 6) to base 15
-2641
What is -456293 (base 11) in base 15?
-e5079
Convert 21dae (base 16) to base 2.
100001110110101110
Convert 1300121401 (base 6) to base 14.
201abd7
Convert -146441 (base 11) to base 16.
-37b22
Convert 21101222201202 (base 3) to base 13.
a7a944
-102203102 (base 4) to base 13
-28781
What is 3401316 (base 7) in base 14?
ad446
What is 598338 (base 13) in base 7?
24055464
1896d2 (base 14) to base 10
871208
-1220000202011 (base 3) to base 15
-14c8d7
What is -1131463 (base 11) in base 16?
-1e3033
What is 6300 (base 13) in base 8?
32571
Convert -286768 (base 9) to base 4.
-222313211
What is 866ff (base 16) in base 4?
2012123333
-837842 (base 14) to base 7
-52504512
-d9a7 (base 14) to base 5
-2200313
-2203311100 (base 5) to base 11
-27506a5
What is -1132577 (base 8) in base 5?
-34333412
What is 1208 (base 11) in base 4?
120231
What is 127824 (base 9) in base 10?
77944
Convert -dd48 (base 16) to base 10.
-56648
What is -2803d4 (base 14) in base 12?
-568946
What is 13301100331 (base 4) in base 9?
3743857
Convert -13336 (base 16) to base 13.
-29a49
What is -c61 (base 14) in base 6?
-15141
What is 79702 (base 13) in base 4?
311323111
What is 502611 (base 8) in base 11?
103184
Convert 59bb6 (base 12) to base 13.
43092
Convert -111003222333 (base 4) to base 8.
-25035277
212145234 (base 6) to base 12
130821a
Convert -110000010000110 (base 2) to base 12.
-12372
-81433 (base 15) to base 8
-1437353
Convert 1326103 (base 9) to base 13.
1c56b1
Convert 2327035 (base 8) to base 5.
130300042
-d9af5 (base 16) to base 10
-891637
58104 (base 15) to base 7
2245234
-71b547 (base 14) to base 3
-21012210211020
What is -2124552 (base 6) in base 3?
-12022200212
What is -13420242 (base 6) in base 14?
-bb4b0
Convert -4719a (base 11) to base 2.
-10000101000001111
5265340 (base 7) to base 4
2123303023
-100414021 (base 7) to base 8
-26206051
What is -1680bc (base 13) in base 4?
-2020310012
24634354 (base 7) to base 13
5cca28
Convert -1c0227 (base 14) to base 7.
-11331150
-593896 (base 16) to base 10
-5847190
Convert 5c1b19 (base 13) to base 11.
1275398
Convert 2447134 (base 8) to base 16.
a4e5c
What is 100923a (base 11) in base 8?
6634021
Convert 24445442 (base 7) to base 10.
2196455
-1010001101000100110101 (base 2) to base 8
-12150465
What is 44248a6 (base 11) in base 16?
76807a
What is b27ca (base 16) in base 2?
10110010011111001010
-1e85 (base 15) to base 5
-203100
What is -11207486 (base 9) in base 8?
-24575075
What is -1302142311 (base 5) in base 2?
-1100000100000001011110
What is 10033001203 (base 4) in base 3?
2002101210101
What is 1011003331 (base 4) in base 10?
282877
Convert -210020222001 (base 3) to base 12.
-182184
125e3 (base 15) to base 10
58713
Convert -1111344424 (base 5) to base 14.
-47abd3
Convert 1104211 (base 8) to base 15.
5d067
a040a (base 14) to base 13
1062ab
What is 11153031 (base 7) in base 14?
1b3c51
Convert -2534515 (base 7) to base 11.
-204612
-240322 (base 10) to base 11
-154615
-983703 (base 11) to base 4
-11333221212
72044 (base 13) to base 16
31e59
Convert -2666451 (base 8) to base 12.
-301435
-82278 (base 9) to base 2
-1101001110100011
What is 28765 (base 11) in